n factor of 2728 and 406637.
11
What is the highest common factor of 4169323 and 172?
43
Calculate the greatest common factor of 166685 and 22714210.
4505
What is the greatest common factor of 51079750 and 500?
250
What is the highest common factor of 2571091 and 75613?
83
Calculate the highest common divisor of 9 and 24868.
1
Calculate the greatest common divisor of 17424 and 633798.
2178
What is the greatest common divisor of 17054791 and 2431?
221
What is the highest common factor of 300 and 18886800?
300
What is the greatest common divisor of 33248 and 2367104?
32
Calculate the greatest common divisor of 109170 and 4784072.
2426
Calculate the highest common divisor of 84651 and 4098693.
417
What is the highest common factor of 8 and 355004?
4
Calculate the greatest common divisor of 487152 and 1028.
4
What is the greatest common factor of 4120075 and 142105?
485
What is the highest common divisor of 4013593 and 5765?
1153
Calculate the highest common factor of 75516 and 176610.
1218
What is the greatest common divisor of 9599 and 5232448?
331
Calculate the highest common divisor of 152138480 and 60.
20
Calculate the highest common divisor of 101182770 and 3159.
3159
Calculate the highest common divisor of 588 and 5111876.
196
What is the greatest common divisor of 1288 and 398496?
56
What is the highest common divisor of 16005 and 489?
3
Calculate the highest common factor of 8530912 and 2548.
52
Calculate the greatest common factor of 20 and 90580000.
20
Calculate the highest common factor of 11 and 1577010237.
11
Calculate the greatest common factor of 7360 and 2207540.
460
What is the highest common factor of 878610 and 4665?
15
What is the highest common divisor of 78 and 7993011?
39
What is the highest common divisor of 13 and 49072036?
13
What is the greatest common factor of 1138913 and 221495?
1429
Calculate the greatest common divisor of 3311 and 9632043.
43
Calculate the highest common factor of 5152 and 26490457.
161
What is the highest common divisor of 951322 and 29795986?
7262
Calculate the greatest common factor of 135679785 and 5466.
2733
What is the highest common factor of 16359000 and 111000?
3000
What is the highest common divisor of 96 and 36120?
24
Calculate the highest common factor of 9207952 and 4342.
26
Calculate the highest common divisor of 345 and 171200.
5
What is the greatest common factor of 15155 and 79905820?
2165
What is the highest common divisor of 1166715 and 707850?
495
Calculate the greatest common divisor of 25408 and 94400.
64
What is the greatest common factor of 1360837 and 1129151?
1273
What is the highest common divisor of 59 and 4993649021?
59
What is the highest common factor of 16614 and 399558393?
8307
What is the highest common divisor of 14877 and 51568641?
4959
Calculate the greatest common factor of 2401617 and 15.
3
Calculate the highest common divisor of 9600832 and 6717.
2239
What is the highest common factor of 30184539 and 3394?
1697
Calculate the highest common divisor of 1952396 and 12.
4
Calculate the greatest common divisor of 4939650 and 1125.
225
Calculate the highest common divisor of 49 and 251273813.
49
Calculate the greatest common factor of 21762 and 1180062.
702
What is the greatest common factor of 13348032 and 1710?
114
What is the highest common factor of 1165824 and 522544?
176
Calculate the highest common factor of 3802450 and 800.
50
What is the highest common factor of 860958 and 111?
3
Calculate the highest common divisor of 4550377 and 104.
13
Calculate the greatest common factor of 13750170 and 6240.
30
What is the highest common divisor of 20 and 7875?
5
Calculate the greatest common factor of 1108 and 142338112.
1108
What is the highest common factor of 1178916 and 357?
51
What is the highest common divisor of 1472 and 185794?
46
Calculate the greatest common divisor of 222757626 and 14.
14
Calculate the greatest common factor of 14 and 28565236.
14
What is the greatest common factor of 2107 and 3672207?
49
What is the greatest common divisor of 8478015 and 4?
1
What is the highest common factor of 6742536 and 276?
12
Calculate the greatest common factor of 50190 and 58380.
210
What is the highest common factor of 76975870 and 270?
10
What is the greatest common divisor of 64 and 1663136?
32
What is the greatest common divisor of 453397158 and 18?
18
Calculate the greatest common factor of 1436718 and 1057614.
2154
Calculate the highest common factor of 553433803 and 1623.
541
What is the greatest common factor of 3332 and 109753?
7
Calculate the greatest common divisor of 212 and 943294.
106
What is the greatest common factor of 715004 and 255248?
172
What is the greatest common factor of 219105 and 1332?
9
Calculate the highest common factor of 168324 and 37501724.
4316
What is the greatest common factor of 363629 and 24108?
2009
Calculate the highest common divisor of 3472 and 22856.
8
Calculate the greatest common divisor of 21 and 95182283.
7
Calculate the greatest common divisor of 41 and 6739867.
41
Calculate the highest common divisor of 2340 and 69860895.
195
Calculate the highest common divisor of 422 and 170045322.
422
What is the highest common factor of 125156 and 510898?
934
Calculate the highest common divisor of 3721761 and 307.
307
Calculate the highest common divisor of 220294974 and 2874.
2874
What is the greatest common divisor of 32214 and 138558?
42
What is the greatest common factor of 4735512 and 2848?
712
Calculate the greatest common factor of 10300 and 28111275.
2575
Calculate the greatest common factor of 32988494 and 1778.
14
What is the greatest common divisor of 6143540 and 156?
52
Calculate the highest common factor of 68134494 and 228.
114
What is the greatest common factor of 77 and 3707759?
11
What is the highest common factor of 59001 and 777?
3
Calculate the highest common divisor of 5780637 and 8253.
1179
What is the highest common factor of 47777436 and 21?
21
What is the highest common divisor of 77896 and 420082?
2782
What is the highest common divisor of 6141 and 17603073?
69
What is the greatest common divisor of 441 and 1616859?
9
Calculate the highest common divisor of 8613 and 23881.
11
What is the greatest common factor of 51 and 61602339?
51
What is the greatest common factor of 6963767786 and 38?
38
Calculate the greatest common divisor of 962179 and 356.
89
Calculate the highest common factor of 51 and 5569047.
51
Calculate the greatest common divisor of 196120 and 3352.
8
What is the greatest common divisor of 54611 and 25899?
97
Calculate the highest common divisor of 122 and 8950042.
122
Calculate the greatest common divisor of 3198364 and 234.
26
Calculate the greatest common factor of 456 and 3983768.
152
What is the greatest common divisor of 301154 and 6860?
686
What is the highest common divisor of 479566048 and 128?
32
Calculate the highest common factor of 76 and 27157631.
19
Calculate the greatest common factor of 3925 and 298143.
157
What is the highest common factor of 864 and 2316720?
48
What is the highest common divisor of 30 and 223347?
3
Calculate the highest common divisor of 105705 and 125483.
29
Calculate the highest common divisor of 216 and 180404712.
216
What is the greatest common factor of 76477 and 444416?
31
Calculate the greatest common divisor of 158200 and 237752.
904
Calculate the highest common divisor of 1610 and 243966520.
1610
What is the greatest common factor of 52 and 41461771?
13
Calculate the greatest common factor of 107760 and 29054790.
13470
Calculate the greatest common factor of 15466 and 22581766.
1406
Calculate the greatest common factor of 39654 and 121032.
18
What is the greatest common divisor of 6620 and 53768964?
1324
What is the greatest common divisor of 35072 and 3184?
16
Calculate the greatest common factor of 835159187 and 391.
391
What is the greatest common factor of 260 and 19574360?
260
What is the highest common divisor of 1635034 and 642500?
514
What is the highest common divisor of 208 and 52827944?
104
What is the highest common divisor of 1749479 and 12714?
163
Calculate the greatest common factor of 35882 and 9556029.
1631
What is the greatest common divisor of 632 and 996102152?
632
Calculate the greatest common factor of 141096502 and 